 by d.
9
Suppose 16*n - 57 = 2135. Calculate the remainder when n is divided by 36.
29
Suppose 198 = 4*j + 5*j. Calculate the remainder when j is divided by 8.
6
Suppose 0 = -2*p + p + 12. Let i = -75 + 82. What is the remainder when p is divided by i?
5
Suppose -3*s = -2*s - 5. What is the remainder when 19 is divided by s?
4
Suppose 3*p - 15 = -0. Let k = 10 - -9. What is the remainder when k is divided by p?
4
Suppose 0*o + 245 = 5*o. Let c = -3 + o. Suppose -b = w - 26, -2*b + 0*b + w = -c. Calculate the remainder when b is divided by 13.
11
Suppose s + 41 = 2*s. Let m(t) = -t**2 - 11*t - 2. Calculate the remainder when s is divided by m(-8).
19
Let k(r) = -5*r**3 - r**2 + 2*r. Suppose 4*n = -n + 85. Calculate the remainder when k(-2) is divided by n.
15
Suppose -4*k + 129 = 21. What is the remainder when k is divided by 5?
2
What is the remainder when (0 - -43) + 20/5 is divided by 10?
7
Suppose m = -4*m + 30. Let h(o) = o**2 - 1. Calculate the remainder when h(-4) is divided by m.
3
Suppose -2*b - 2*b = -24. Suppose -a + 20 = 4*v, 4*a - 2 = v + 10. What is the remainder when b is divided by v?
2
Let r be 2/2*(-110 - 0). Let k = r - -177. Suppose -d = -6*d + 4*g + 70, -4*d + g = -k. Calculate the remainder when 34 is divided by d.
16
Calculate the remainder when (6/5)/((-18)/(-660)) is divided by 15.
14
Let q = -4 - -19. Let d(v) = 2*v - 4. What is the remainder when q is divided by d(6)?
7
Suppose -5*u + 98 - 13 = 0. What is the remainder when u is divided by 9?
8
Let g(r) = -r**2 - 2*r - 1. Let z be g(3). What is the remainder when 2/2*(6 - z) is divided by 8?
6
Let n = -3 + 19. Let b = 15 + -10. Calculate the remainder when n is divided by b.
1
Suppose -3*i - 3 = -4*k - k, 4*i = -4*k - 4. Suppose k = -0*u + 2*u - 16. Calculate the remainder when 23 is divided by u.
7
Suppose -4*h - 7 + 83 = 0. Let k be 2 - (1 + h)/2. Let g = k - -20. Calculate the remainder when 22 is divided by g.
10
Let m(u) = -5*u - 7. What is the remainder when 13 is divided by m(-3)?
5
Suppose -16*k + 14*k + 26 = 0. Let p be (-1)/3 - (-111)/9. Suppose -4*u + p = -16. Calculate the remainder when k is divided by u.
6
Let o = 67 + -35. Calculate the remainder when o is divided by 7.
4
Suppose -b = -5, 5*o + 12 - 132 = -4*b. Suppose -5*z + o = -3*z. What is the remainder when 39 is divided by z?
9
Let j(r) = 2*r**3 + 4*r**2 - 6*r**3 - 1 - r + 3*r**3. What is the remainder when (-74)/(-9) + 12/(-54) is divided by j(3)?
3
Suppose b - 45 = -4*b. Let j(x) = -16*x + 16. Calculate the remainder when j(0) is divided by b.
7
Let f be (24/15)/((-2)/10). Let n be -1*(14 + (-1)/1). Let a = f - n. What is the remainder when 8 is divided by a?
3
Suppose 0 = 3*a - a - 48. Let l(j) = j**2 - 8*j - 3. Let t be l(9). Let o = 15 - t. Calculate the remainder when a is divided by o.
6
Let p be -38*(9/(-6) + 1). Suppose 5*z - 4*l - 90 = 0, -2*l + 27 = 4*z - p. What is the remainder when 41 is divided by z?
13
Let d(n) = -n + 9. Let y be d(6). Suppose y*o = a - 2 - 12, 0 = -4*a - 2*o. What is the remainder when a is divided by 2?
0
Calculate the remainder when (-272)/(-32)*(0 + 1 - -1) is divided by 6.
5
Let s be (27/(-6))/((-3)/4). Let t = s + -4. What is the remainder when 10 is divided by 6/t + (-2)/(-2)?
2
Let m be -2 + 1 + -1 + 2. Suppose m = 2*x + 2*x. Let s(g) = -g**2 - g + 15. Calculate the remainder when 44 is divided by s(x).
14
Calculate the remainder when (-6)/(-4)*(-896)/(-42) is divided by 7.
4
Let b be 26/(-5) + 7/35. Let r(y) = -y - 3. Let k be r(b). Suppose 3*t = -k*i + 27, -25 = -5*i - 0*i + t. What is the remainder when 16 is divided by i?
4
Let c = 15 + 31. Let o be -3*6*(4 + -5). Let v = 34 - o. What is the remainder when c is divided by v?
14
Suppose 7*q - 28 - 119 = 0. Let g = 25 - q. What is the remainder when 5 is divided by g?
1
Let l(g) = -4*g + 8. What is the remainder when l(-6) is divided by 12?
8
Suppose 2*p + 25 = -39. Suppose -262 = -5*j - 3*w, 4*w = -5*j + 353 - 87. What is the remainder when j is divided by p/(-24)*39/2?
24
Suppose -10*k + 30 = -4*k. Calculate the remainder when 89 is divided by k.
4
Suppose -15 = -f - 2*f. Let w = 21 - f. Let j = w - 11. Calculate the remainder when 13 is divided by j.
3
Let f be -14*((-6)/4 - 1). Let w = 55 - f. Let p(c) = c**3 + 7*c**2 + 6*c + 7. What is the remainder when w is divided by p(-6)?
6
Let h(d) be the first derivative of 10*d**3/3 + d**2 - d + 4. What is the remainder when 20 is divided by h(1)?
9
Suppose -7*f = -5*f - 42. Let u = f - -9. Calculate the remainder when u is divided by 8.
6
Let l(w) = w**2 + 8*w + 20. Calculate the remainder when 63 is divided by l(-7).
11
Suppose -2*g + 3 = 5*m - 30, -4*g = -m - 121. Calculate the remainder when g is divided by 8.
5
Let q be (-2)/(-4)*1616/(-8). Calculate the remainder when q/(-4) + 5/(-20) is divided by 14.
11
Let d(m) = 0*m + m - 2 - 1. Let r be d(6). Suppose 5*g - 4*b - 31 = 0, -g - r*b + 8 = -2. What is the remainder when 13 is divided by g?
6
Let q = 0 - -2. Suppose 0*k - q = -k. What is the remainder when k is divided by (2/(-6))/(17/(-102))?
0
Suppose m + 5*s - 5 = 20, -3*m + 27 = 3*s. What is the remainder when m is divided by 4?
1
Calculate the remainder when 2/4 - (-97)/2 is divided by (-1)/(12/13 + -1).
10
Let r(b) = -b**2 - 12*b - 10. Let z be r(-9). Suppose 0 = 2*y - 2*n + 7*n - z, 3*y = -4*n + 43. Calculate the remainder when y is divided by 8.
5
Suppose 4*k + 3*u - 17 = 0, 2*k - 11 = 2*u + 15. Calculate the remainder when 63 is divided by k.
7
Let z(j) = j + 1. Let h(c) = 7*c + 8. Let y = -8 - -7. Let a(m) = y*h(m) + 6*z(m). What is the remainder when 16 is divided by a(-8)?
4
Suppose -l + 2*l - 10 = 0. Suppose 3 + 1 = j. Suppose -l = 5*c, j*y - 52 = -y + c. What is the remainder when y is divided by 4?
2
Let h(w) = w**3 - 3*w**2 - 5*w - 1. Let u be h(6). Let y = 110 - u. Calculate the remainder when y is divided by 36/(-2)*(-4)/6.
9
Let q(m) be the third derivative of -2*m**4/3 - m**3/6 - 38*m**2. Suppose 0*k = 3*k + 6. What is the remainder when q(k) is divided by 11?
9
Let p(y) = y + 7. Calculate the remainder when 55 - 3/9*0 is divided by p(12).
17
Let v(p) = 5*p - 1. Let g(u) = -u**2 - 8*u - 4. Let y be g(-7). What is the remainder when 41 is divided by v(y)?
13
Let j(x) = 12*x + 5. Let p be j(5). Suppose 0*g + 2*g = 5*l - 35, 5*l - p = -4*g. Calculate the remainder when l is divided by 5.
4
Suppose 0 = 2*w - 6*w + 532. Suppose -5*b = -w - 42. Calculate the remainder when b is divided by (-44)/(-5) - 2/(-10).
8
Let k = 13 + 12. Suppose 5*o - 9 = 4*o. What is the remainder when k is divided by o?
7
Let l = -10 + 8. Let x = l - -14. Calculate the remainder when x is divided by 7.
5
Suppose 2*k - 192 = 306. What is the remainder when k is divided by 50?
49
Suppose 0 = -2*y - p + 37, -4*y + 28 = 5*p - 43. Suppose -55 + 0 = -11*o. What is the remainder when y is divided by o?
4
Let z = 57 - 41. Suppose -180 = -4*y - 2*v, 28 = -2*y - 4*v + 112. Calculate the remainder when y is divided by z.
14
Let r be 2/(-5) - (-24)/10. Suppose -3 = -r*s + 1. Let g(l) = 2*l + 7. Calculate the remainder when s is divided by g(-3).
0
Suppose -267 = 3*r - 6*r. What is the remainder when r is divided by 30?
29
Calculate the remainder when ((-23)/1)/(4/(-12)) is divided by 10.
9
Let k(a) = -a**3 - a**2 - a. Let z(c) = -4*c**3 - c**2 - c - 2. Let u(d) = -3*k(d) + z(d). What is the remainder when u(-2) is divided by 26/7 - 26/(-91)?
2
Let r = 158 + -81. Calculate the remainder when r is divided by 8.
5
Suppose 3*g + g - 2*f = 16, 0 = 4*g - 3*f - 14. Suppose g*l = -40 + 125. Calculate the remainder when l is divided by 6.
5
Suppose 3*l + 92 = 5*c, 5*l = -c + 2 - 6. Calculate the remainder when 40 is divided by c.
8
Suppose -4*l - 2 + 26 = 0. Let i be 6/27 - (-534)/27. Suppose -2*s - s + i = 2*w, s = -w + 5. Calculate the remainder when s is divided by l.
4
Let t be -5 - 3*(-3)/(-9). Let s(v) = -2*v - 8. Calculate the remainder when 10 is divided by s(t).
2
What is the remainder when 56 is divided by (36/(-15))/((-6)/75)?
26
Suppose 0 = 4*c + 20, c = -0*q + 5*q - 90. Let x be 0 - 0 - 1 - -6. Suppose -96 = -x*l + 2*l. Calculate the remainder when l is divided by q.
15
Suppose -n + 46 + 25 = 0. What is the remainder when n is divided by 18?
17
Let j(h) = -h + 1. Sup